2 + 23*j - 223. Determine o(10).
407
Let j(m) = 31*m - 18. Determine j(0).
-18
Let x(y) = -y**2 - 5*y + 122. Calculate x(10).
-28
Let k(o) = -7*o**3 + 3*o**2 - 16*o + 27. What is k(3)?
-183
Let g(f) = 2*f**2 + 15*f - 236. Determine g(-15).
-11
Let t(u) = -u**3 - 60*u**2 - 874*u + 19. Give t(-25).
-6
Let a(f) = 345*f + 175. Give a(-1).
-170
Let w(v) = -2*v**3 + 2*v**2 + 37*v + 98. Give w(-8).
954
Let q(g) = g**3 - 7*g**2 + g + 1. Determine q(5).
-44
Let z(r) = -r**3 - 27*r**2 + 68*r + 284. Give z(-29).
-6
Let j(h) = -h**3 - 72*h**2 + 105*h + 2332. Calculate j(-73).
-4
Let o(y) = -4*y - 233. What is o(-4)?
-217
Let g(a) = -a**3 - 31*a**2 + 222*a + 7. Calculate g(-37).
7
Let t(y) = 35479*y - 35483. Determine t(1).
-4
Let q(z) = -20*z**2 + 19*z + 90. Calculate q(-5).
-505
Let c(v) = -123*v + 880. Give c(7).
19
Let q(k) = 1117*k + 43575. Determine q(-39).
12
Let t(y) = -7*y**2 + 107*y - 21. Calculate t(15).
9
Let i(y) = -y**3 - 15*y**2 + 4*y + 309. Determine i(-9).
-213
Let k(c) = 4*c**2 + 50*c + 12. What is k(-10)?
-88
Let q(i) = -i**2 + 42*i + 457. Give q(-9).
-2
Let u(x) = 78*x + 1246. Determine u(-16).
-2
Let p(m) = 3*m**3 + 95*m - 189. Give p(2).
25
Let r(u) = -u**3 - 18*u**2 - 13*u + 61. Give r(-17).
-7
Let b(a) = a**3 + 80*a**2 + 76*a - 239. Calculate b(-79).
-2
Let q(k) = -k**2 + 39*k - 338. Calculate q(24).
22
Let a(r) = -3*r**3 + 27*r**2 + 2*r + 45. Calculate a(9).
63
Let t(j) = 11*j**2 - 29*j - 11. Determine t(5).
119
Let l(m) = -2810*m + 25288. Calculate l(9).
-2
Let q(j) = -371*j - 3687. Calculate q(-10).
23
Let m(c) = c**3 + 10*c**2 + 19*c + 91. What is m(-9)?
1
Let a(l) = -2*l**2 + 213*l - 1242. Calculate a(6).
-36
Let m(t) = 24*t + 975. Determine m(-46).
-129
Let f(z) = -2*z**3 - 16*z**2 + 547*z - 17. Give f(-21).
-38
Let x(d) = -103*d**3 + d**2 + d. Give x(1).
-101
Let m(s) = -s**3 + 377*s**2 - 5765*s - 175. Calculate m(16).
1
Let x(m) = 90*m**2 - m + 1. Calculate x(-2).
363
Let l(k) = k**3 + 4*k**2 - 57*k - 22. Calculate l(6).
-4
Let u(r) = -r**3 + 34*r**2 - 17*r - 503. Determine u(33).
25
Let m(h) = -h**2 - 17*h + 76. What is m(-23)?
-62
Let j(v) = -101*v**2 + 169*v - 28. Give j(2).
-94
Let a(r) = 2*r**2 - 163*r + 3299. Calculate a(36).
23
Let h(i) = i**2 + 302*i - 1875. Determine h(6).
-27
Let n(c) = 2*c**3 + 71*c**2 + 41*c + 225. What is n(-35)?
15
Let z(l) = 10*l**3 + 79*l**2 - 4*l + 25. What is z(-8)?
-7
Let v(t) = 394*t - 1149. Calculate v(3).
33
Let x(w) = -w**3 - 42*w**2 + 45*w + 110. What is x(-43)?
24
Let u(q) = -q**2 + 6*q - 14. Calculate u(10).
-54
Let o(l) = -l**3 - 5*l**2 - 196*l - 1176. Give o(-6).
36
Let k(c) = -3*c**2 - 604*c + 19265. Give k(28).
1
Let p(z) = -25*z - 598. What is p(5)?
-723
Let c(r) = -2*r**3 - 17*r**2 + 74*r + 667. What is c(-8)?
11
Let u(p) = p + 325. What is u(13)?
338
Let s(l) = -l**3 + 2*l**2 + 10*l + 12. Determine s(4).
20
Let k(p) = 2*p**3 + 32*p**2 - 755*p + 35. What is k(13)?
22
Let q(n) = n**3 + 121*n**2 + 138*n + 2151. What is q(-120)?
-9
Let l(t) = 28*t + 106. Determine l(-8).
-118
Let p(l) = -4*l - 48. Give p(-35).
92
Let v(o) = o**3 - 10*o**2 - 44*o + 12. Calculate v(-3).
27
Let w(x) = -x**3 - 57*x**2 - 11*x - 617. What is w(-57)?
10
Let n(w) = -16*w + 52. Give n(4).
-12
Let w(m) = -2*m**2 - 65*m - 305. What is w(-26)?
33
Let m(j) = j**3 + 17*j**2 + 29*j + 152. Give m(-15).
167
Let s(a) = 21*a - 162. Determine s(8).
6
Let v(j) = 34*j + 5181. Calculate v(-152).
13
Let g(t) = -t**2 + 13*t - 60. Give g(7).
-18
Let v(g) = 10*g**2 - 18*g + 19. Calculate v(1).
11
Let u(n) = 205*n - 519. Calculate u(4).
301
Let b(g) = -g**3 - 24*g**2 - 116*g + 199. Give b(-16).
7
Let y(r) = -r**3 + 41*r**2 - 3*r + 161. Determine y(41).
38
Let u(j) = j**3 + 39*j**2 - 95*j - 572. Give u(-41).
-39
Let w(r) = -5*r**2 - 241*r - 1132. Give w(-43).
-14
Let o(f) = -22*f - 647. Determine o(-31).
35
Let b(i) = 196*i - 1779. Calculate b(9).
-15
Let p(j) = 52*j - 274. Determine p(8).
142
Let z(w) = 2*w**3 - 18*w**2 - 28*w + 81. Calculate z(10).
1
Let a(n) = -n**3 + 3*n**2 + 9*n + 31. What is a(-6)?
301
Let m(k) = -823*k + 1883. What is m(2)?
237
Let v(c) = -c**2 + 69*c - 357. Determine v(5).
-37
Let p(b) = -b**3 + 18*b**2 - 38*b + 1092. Give p(19).
9
Let l(j) = -j**2 - 72*j - 880. Calculate l(-56).
16
Let k(f) = f + 28. What is k(-40)?
-12
Let n(w) = 2*w**2 + 16*w - 38. What is n(-13)?
92
Let d(p) = -29*p**3 - 229*p**2 + 22*p - 15. Calculate d(-8).
1
Let h(p) = -183*p + 1814. Determine h(10).
-16
Let y(r) = -4*r**3 + 137*r**2 + 106*r + 36. Calculate y(35).
71
Let x(w) = 2*w**3 - 216*w**2 + 426*w - 188. Determine x(106).
24
Let v(l) = -4*l**3 - 3*l**2 - 3*l + 14. Calculate v(-3).
104
Let l(k) = -76*k + 324. Calculate l(0).
324
Let w(l) = l**2 - 6*l - 113. Determine w(14).
-1
Let g(j) = -2*j**2 - 720*j - 722. Determine g(-1).
-4
Let l(n) = n**3 - 9*n**2 + 12*n - 37. Calculate l(8).
-5
Let l(j) = 29*j - 171. Determine l(6).
3
Let t(x) = -x**3 + 19*x**2 + 72*x - 721. What is t(21)?
-91
Let q(w) = -7*w - 411. Calculate q(-57).
-12
Let t(a) = -358*a - 5723. What is t(-16)?
5
Let i(f) = 123*f - 425. Calculate i(3).
-56
Let w(i) = -3*i**2 - 21*i - 59. What is w(-6)?
-41
Let t(k) = -7922*k - 23830. Determine t(-3).
-64
Let v(m) = 218*m - 2176. Determine v(10).
4
Let y(w) = -192*w - 9. Give y(-1).
183
Let v(b) = -b**3 - 10*b**2 + 22*b - 24. Determine v(-9).
-303
Let y(b) = -78*b + 110. Give y(5).
-280
Let p(h) = -h**2 + 239*h + 18. Determine p(0).
18
Let w(i) = -2*i**3 - 58*i**2 - 105*i + 81. What is w(-27)?
0
Let u(b) = b**3 - 12*b**2 + 33*b - 59. Calculate u(8).
-51
Let c(k) = k**3 - 103*k**2 + 92*k + 1025. Calculate c(102).
5
Let r(s) = -2*s**2 + 397*s - 1940. Calculate r(5).
-5
Let v(m) = 149*m - 7. What is v(1)?
142
Let c(o) = -10*o**2 - 123*o - 27. Determine c(-12).
9
Let b(w) = 380*w - 5292. Calculate b(14).
28
Let w(u) = u**3 + 14*u**2 - 53*u + 28. Determine w(-17).
62
Let f(h) = -h**2 - 30*h - 227. Determine f(-25).
-102
Let x(r) = -5822*r + 5796. Calculate x(1).
-26
Let j(l) = -421*l + 1230. Give j(5).
-875
Let k(b) = b**3 + 16*b**2 + 22*b - 12. Give k(-3).
39
Let k(a) = 163*a - 5216. Determine k(32).
0
Let m(g) = -g**3 + 13*g**2 - 69*g + 190. What is m(7)?
1
Let y(l) = -l**3 - 6*l**2 - l - 69. What is y(-7)?
-13
Let g(f) = 5*f - 155. Determine g(-6).
-185
Let i(m) = -319*m - 11479. Calculate i(-36).
5
Let h(a) = -65*a + 1276. Give h(20).
-24
Let c(k) = k**3 + 44*k**2 - 90*k + 73. Determine c(-46).
-19
Let u(j) = -j**3 - 25*j**2 - 115*j - 1. Calculate u(-6).
5
Let n(m) = m**3 + 3*m**2 - 5*m - 7. Calculate n(-4).
-3
Let b(f) = -9167*f - 4. Calculate b(0).
-4
Let k(h) = 2*h**2 - 69*h - 34. Calculate k(37).
151
Let i(z) = -z**3 - 35*z**2 + 345*z + 3. What is i(8)?
11
Let c(j) = -55*j - 297. Calculate c(-12).
363
Let o(k) = 174*k + 558. Determine o(-3).
36
Let s(h) = -h**3 + 3*h**2 + 24*h - 76. What is s(4)?
4
Let z(t) = t**3 + 4*t**2 + 8*t + 1. Calculate z(-2).
-7
Let b(t) = t**3 - 57*t**2 - 676*t + 224. What is b(67)?
-178
Let h(r) = -r**3 - 63*r**2 + 142*r - 24. Give h(2).
0
Let x(b) = -b**2 + 92*b - 145. Determine x(90).
35
Let c(i) = 2*i**3 - 15*i**2 - 247*i + 11. Determine c(-8).
3
Let k(p) = -p**2 + 40*p - 162. Give k(39).
-123
Let i(r) = -282*r + 127. Give i(0).
127
Let h(y) = 42*y + 1965. What is h(-47)?
-9
Let h(y) = -y**2 - 35*y + 5. Calculate h(-9).
239
Let l(d) = -6*d**2 + 67*d - 39. Give l(11).
-28
Let f(x) = -x**3 - 58*x**2 + 244*x - 236. Calculate f(-62).
12
Let k(p) = -14*p - 1315. What is k(-105)?
155
Let l(w) = -57*w - 6242. Calculate l(-111).
85
Let x(k) = 2*k**2 + 42*k - 379. What is x(-31)?
241
Let j(q) = -6*q**2 - 2*q + 8. What is j(4)?
-96
Let f(n) = 5*n**2 - 28*n - 56. Calculate f(10).
164
Let x(w) = -w**2 + 36*w - 279. What is x(12)?
9
Let x(m) = -m**2 - 13*m - 61. Determine x(-4).
-25
Let c(x) = -2*x**3 - 140*x**2 - 1199*x + 58. What is c(-60)?
-2
Let g(k) = -1107*k - 6563. Give g(-6).
79
Let n(z) = z**3 + 50*z**2 + 330*z - 251. Determine n(-42).
1
Let l(m) = 8064*m - 80631. Calculate l(10).
9
Let g(v) = 5*v**3 + 72*v**2 + 133*v - 14. Determine g(-2).
-32
Let b(w) = -12*w**2 - 93*w - 19. What is b(-8)?
-43
Let r(a) = -a**2 - 4*a + 1. Give r(-13).
-116
Let x(y) = 2*y**2 - 65*y + 509. Calculate x(14).
-9
Let d(l) = -9*l**3 + 6*l**2 - 4*l + 3. Give d(0).
3
Let n(s) = -46*s**3 - 5*s**2 + 53*s - 